ghest common divisor of 12 and 53556?
12
What is the highest common divisor of 201 and 469?
67
Calculate the highest common factor of 56 and 200.
8
Calculate the highest common factor of 1010 and 470.
10
Calculate the highest common factor of 42 and 96.
6
Calculate the greatest common divisor of 270 and 180.
90
Calculate the highest common factor of 480 and 5.
5
Calculate the highest common divisor of 12529 and 335.
67
Calculate the highest common divisor of 56 and 11032.
56
Calculate the highest common divisor of 66 and 946.
22
Calculate the greatest common factor of 150 and 3975.
75
What is the greatest common divisor of 24 and 54?
6
Calculate the greatest common divisor of 121 and 77.
11
What is the highest common divisor of 1595 and 55?
55
What is the greatest common factor of 76 and 4?
4
Calculate the highest common divisor of 13 and 52.
13
Calculate the greatest common factor of 40 and 770.
10
What is the greatest common factor of 360 and 300?
60
Calculate the highest common divisor of 6670 and 1160.
290
What is the greatest common divisor of 279 and 31?
31
Calculate the highest common divisor of 1027 and 237.
79
What is the highest common divisor of 48 and 208?
16
Calculate the highest common factor of 14250 and 350.
50
Calculate the greatest common factor of 114 and 570.
114
Calculate the greatest common factor of 115 and 184.
23
What is the highest common factor of 1937 and 117?
13
Calculate the highest common divisor of 10 and 40.
10
Calculate the highest common factor of 12 and 4500.
12
Calculate the greatest common factor of 52 and 996.
4
Calculate the highest common divisor of 312 and 676.
52
Calculate the highest common factor of 4472 and 78.
26
Calculate the greatest common factor of 1955 and 85.
85
What is the greatest common factor of 1940 and 20?
20
Calculate the highest common divisor of 57 and 247.
19
What is the highest common divisor of 8 and 488?
8
What is the greatest common divisor of 110 and 30?
10
What is the greatest common divisor of 77 and 19327?
77
What is the greatest common factor of 1848 and 24?
24
What is the greatest common factor of 64 and 21184?
64
What is the highest common divisor of 8 and 216?
8
Calculate the highest common divisor of 28 and 14.
14
Calculate the greatest common factor of 38 and 7239.
19
Calculate the greatest common divisor of 22 and 1166.
22
What is the greatest common divisor of 34 and 5134?
34
Calculate the highest common factor of 252 and 126.
126
What is the highest common factor of 12 and 228?
12
What is the greatest common factor of 22246 and 7?
7
Calculate the greatest common divisor of 45 and 12795.
15
What is the highest common factor of 6862 and 141?
47
Calculate the highest common divisor of 1296 and 126.
18
Calculate the highest common factor of 182 and 42.
14
What is the highest common factor of 133 and 175?
7
Calculate the highest common divisor of 18 and 45.
9
What is the highest common factor of 880 and 624?
16
Calculate the highest common factor of 5742 and 1131.
87
What is the highest common factor of 9677 and 1?
1
What is the highest common factor of 712 and 89?
89
What is the highest common factor of 90 and 8490?
30
Calculate the greatest common factor of 42 and 1358.
14
Calculate the highest common divisor of 52 and 12.
4
Calculate the greatest common divisor of 5 and 115.
5
Calculate the highest common divisor of 35 and 4795.
35
What is the highest common divisor of 32 and 272?
16
Calculate the highest common factor of 46 and 4.
2
What is the highest common divisor of 41517 and 189?
63
What is the greatest common factor of 46 and 20?
2
Calculate the greatest common divisor of 170 and 130.
10
Calculate the greatest common factor of 20 and 265.
5
Calculate the highest common factor of 9911 and 51.
17
What is the greatest common factor of 207 and 27?
9
Calculate the highest common divisor of 126 and 245.
7
What is the highest common divisor of 43 and 2?
1
What is the greatest common factor of 27454 and 148?
74
Calculate the highest common divisor of 200 and 3250.
50
What is the greatest common factor of 273 and 39?
39
What is the greatest common divisor of 91 and 416?
13
What is the greatest common factor of 736 and 992?
32
What is the greatest common divisor of 42 and 378?
42
What is the highest common factor of 172 and 3053?
43
What is the highest common divisor of 255 and 30?
15
What is the greatest common factor of 26 and 25142?
26
What is the highest common divisor of 2771 and 17?
17
What is the highest common divisor of 50 and 29300?
50
Calculate the highest common factor of 264 and 192.
24
What is the greatest common factor of 4085 and 172?
43
Calculate the highest common factor of 585 and 156.
39
Calculate the highest common divisor of 12648 and 12.
12
What is the highest common factor of 231 and 399?
21
What is the highest common divisor of 60 and 135?
15
What is the highest common factor of 1316 and 6016?
188
Calculate the highest common factor of 225 and 9.
9
Calculate the highest common divisor of 85 and 40.
5
Calculate the highest common divisor of 11196 and 72.
36
What is the greatest common factor of 56 and 14?
14
What is the greatest common divisor of 165 and 132?
33
What is the highest common divisor of 950 and 608?
38
Calculate the greatest common divisor of 95 and 38.
19
Calculate the highest common divisor of 341 and 33.
11
Calculate the highest common divisor of 531 and 59.
59
Calculate the greatest common factor of 16142 and 42.
14
Calculate the highest common factor of 3340 and 45.
5
Calculate the greatest common factor of 646 and 34.
34
Calculate the greatest common divisor of 231 and 56.
7
What is the greatest common divisor of 252 and 144?
36
Calculate the greatest common factor of 135 and 205.
5
Calculate the highest common factor of 689 and 106.
53
What is the highest common divisor of 162 and 432?
54
What is the greatest common divisor of 75 and 885?
15
What is the greatest common divisor of 63 and 117?
9
Calculate the greatest common divisor of 136 and 24.
8
Calculate the highest common factor of 2512 and 48.
16
What is the highest common factor of 15760 and 80?
80
Calculate the highest common factor of 2780 and 20.
20
Calculate the highest common divisor of 185 and 40.
5
What is the highest common divisor of 24 and 9?
3
Calculate the greatest common divisor of 350 and 16240.
70
Calculate the highest common factor of 31 and 1.
1
What is the greatest common divisor of 4731 and 57?
57
Calculate the greatest common divisor of 715 and 260.
65
What is the greatest common divisor of 104 and 64?
8
What is the highest common factor of 28 and 36?
4
Calculate the greatest common factor of 423 and 329.
47
What is the highest common divisor of 315 and 3645?
45
Calculate the highest common factor of 22 and 836.
22
What is the greatest common factor of 130 and 7605?
65
Calculate the greatest common factor of 208 and 1963.
13
What is the highest common divisor of 1240 and 6?
2
Calculate the highest common divisor of 83 and 32.
1
Calculate the highest common factor of 48 and 20760.
24
Calculate the highest common factor of 4080 and 640.
80
What is the greatest common divisor of 611 and 39?
13
Calculate the greatest common divisor of 27 and 369.
9
What is the highest common factor of 42 and 1834?
14
What is the highest common divisor of 154 and 84?
14
What is the greatest common factor of 112 and 17598?
14
What is the highest common factor of 30 and 102?
6
What is the greatest common divisor of 90 and 1840?
10
Calculate the highest common factor of 4976 and 48.
16
Calculate the highest common divisor of 40 and 220.
20
What is the greatest common divisor of 20174 and 154?
154
Calculate the greatest common divisor of 4275 and 75.
75
What is the greatest common factor of 570 and 180?
30
What is the greatest common divisor of 65 and 30?
5
Calculate the greatest common divisor of 234 and 22698.
234
Calculate the highest common factor of 4 and 3538.
2
Calculate the highest common factor of 100 and 3350.
50
What is the greatest common divisor of 102 and 6?
6
What is the greatest common divisor of 198 and 2475?
99
What is the greatest common divisor of 198 and 46134?
198
Calculate the highest common factor of 8 and 137.
1
Calculate the greatest common facto